 u and 4?
4
Suppose 82*d - 4*w - 1006 = 80*d, -2*d + 1022 = 4*w. What is the highest common divisor of 208 and d?
13
Let y be 4 + 7 + -7 - 342. Let a = y + 350. What is the highest common factor of a and 132?
12
Let l = 28 - 6. Let s = -7 - -12. Suppose 0*z + 37 = 2*m - s*z, 4*m + 2*z - 38 = 0. What is the greatest common factor of l and m?
11
Suppose 10*c + 338 = 20*c + 3*c. Calculate the greatest common factor of 3146 and c.
26
Suppose 7*r - 5 = 5*r - h, 5*h = 2*r + 1. Let y be ((-6)/10)/(r/5)*12. Let v = 117 - y. What is the greatest common divisor of v and 27?
27
Let l = 3101 - 3095. Suppose -12 = 4*b, -3*b - 95 = -4*f - 6*b. What is the greatest common factor of f and l?
2
Let o(n) = n**3 - 35*n**2 - 49*n - 533. Let b be o(37). Calculate the greatest common factor of 952 and b.
56
Let h = 22946 + -22352. What is the highest common factor of 638 and h?
22
Let s(a) = -a**3 - 3*a**2 + 12. Let z be s(-11). Calculate the highest common divisor of 30 and z.
10
Suppose -y = -0*y - 98. Suppose 370 - y = 4*p. Let t be (-13 - -187)/6 - -5. What is the greatest common factor of p and t?
34
Let k be -3 + 2 + 0 - -131. Let y be (102/(-85))/((-6)/k). Calculate the greatest common divisor of 182 and y.
26
Let u be (14 - 290/15)/(2/(-78)). What is the highest common factor of 17 and u?
1
Suppose 7*r = 2 - 9. Let f be (32 + -7)/(r/2 + 1). Suppose 4*l - 133 = -5*b, 0 = -b - l - 4 + 31. Calculate the greatest common factor of f and b.
25
Let g(q) = -216*q + 11235. Let u be g(52). Calculate the highest common factor of u and 16197.
3
Let p = -14378 - -14448. What is the greatest common divisor of 5915 and p?
35
Suppose 0 = 2*l - 3*d - 7, 13*d - 18*d = 5*l - 5. Suppose 3*u - 3*y - 19 + 4 = 0, -l*u - 3*y - 5 = 0. Calculate the greatest common factor of 10 and u.
2
Let r be (-834)/(-10) - (74/10 + -8). Suppose 8*i + 242 = 690. What is the greatest common factor of i and r?
28
Let v be (5 - 8524/(-8)) + (-68)/(-8) + -8. What is the highest common factor of 175 and v?
7
Let o be 6*(15/2)/5. Let t(h) = 8*h**2 - 7*h - 30. Let y(x) = x**2 - 4*x - 24. Let a be y(7). Let u be t(a). What is the highest common factor of o and u?
9
Suppose 0*c + 3*c + 1980 = 0. Let v be c/(-176) + -1 + 10/8. Let p be (0 + 4 - -4)/(v/6). Calculate the highest common factor of p and 108.
12
Suppose 37*f - 51*f = -11592. Suppose f = 11*q - 3715. Calculate the highest common factor of q and 118.
59
Suppose 0 = 3*s + 2*d - 829, 2*d = -14*s + 18*s - 1082. What is the greatest common divisor of s and 21?
21
Let o be 1/((-3)/(-2))*3. Suppose 57*n = 47*n + 80. Suppose 3*y = 14*i - 13*i - 9, 0 = 4*y + n. Calculate the highest common factor of o and i.
1
Suppose 226 = 2*x - c + 49, -x - 2*c = -76. Let k(o) = 121*o**2 - 704*o + 1. Let f be k(6). Let u = f - x. What is the highest common factor of 141 and u?
47
Let w = -4 - -65. Let f = 63 - w. Suppose -f*b - 5 + 13 = 0. Calculate the greatest common factor of 12 and b.
4
Let b(p) be the third derivative of p**6/120 - p**5/10 - p**4/4 - p**3/6 + 2*p**2 - 39*p. Let y be b(7). Calculate the greatest common divisor of y and 24.
6
Suppose 209 = 2*x + 5*v, 30*x - 32*x + 239 = -v. Suppose -3*k = 2*k - 130. What is the highest common factor of x and k?
13
Let h(q) = q**2 - 8*q. Let r be h(8). Suppose -14*f + 10*f + 1664 = r. Calculate the greatest common factor of 26 and f.
26
Let i be (1 + 2/(-2))*1. Suppose -30 = -2*f - i*f. Let q = 1889 - 1769. Calculate the highest common divisor of q and f.
15
Suppose 2*v - 8 + 0 = 0. Let b be 18/(-45) + 1184/10. Let x = b - 98. What is the greatest common factor of x and v?
4
Let j(p) = -p**2 - 407*p + 2066. Let z be j(5). Suppose 0 = -3*l + 8*l - 930. What is the greatest common divisor of l and z?
6
Suppose -44*z = -i - 46*z + 9689, 3*i + z = 29047. What is the highest common factor of 42 and i?
21
Suppose -37*m - 8785 = -2*m. Let o = -204 - m. Calculate the highest common factor of o and 611.
47
Let i be 433 - (14 + -104)/(-9). What is the highest common divisor of 1081 and i?
47
Suppose 36*k + 23626 = 117478. What is the highest common divisor of k and 33?
33
Let m be (10/135 - 22305/405)/(1/(-8)). Calculate the highest common divisor of m and 1496.
88
Suppose 0 = 83*s + 6055 - 22240. Calculate the greatest common factor of 234 and s.
39
Let a = 19 - -30. Calculate the highest common divisor of 14 and a.
7
Let b = 56 - 56. Suppose b = 631*d - 626*d - 225. Suppose -4*r = -92 + 32. What is the greatest common factor of d and r?
15
Suppose 5*p - 3489 = 5*w - 21274, 2*w + 2*p = 7110. What is the greatest common factor of w and 28?
28
Suppose -12*f = -13*f + 223. Let q = -211 + f. Let n be (-14)/(-6) - 2/(-3). Calculate the greatest common divisor of q and n.
3
Let x be 3192/(-9) - (-8 + (-44)/(-6)). Let m = -314 - x. What is the highest common factor of m and 60?
20
Let q be 15/(-12) + (-45)/(-36). Suppose -5*i + 5*n = -365, 0 = -3*i - q*i + 2*n + 223. What is the highest common divisor of 11 and i?
11
Let w = -3976 + 4139. Calculate the greatest common factor of w and 2282.
163
Let n be (9/(-6)*-2 - 680/120)*-240. What is the greatest common divisor of 440 and n?
40
Let o(c) = 2*c**3 - 2*c**2 + 2. Let v be o(2). Let d = 11 - v. Suppose g + 3*f - 10 = 0, 0 = -5*f + 13 + 2. Calculate the highest common factor of g and d.
1
Let h = 28669 - 27751. What is the highest common factor of h and 357?
51
Let l be 37 + -2 - (-20 + 19). Let d = 19 - 10. What is the highest common divisor of d and l?
9
Let m(t) = -28*t + 112. Let k be m(18). Let a = k + 1310. What is the greatest common divisor of a and 51?
51
Let w(i) = 76*i - 56. Let s be w(5). Calculate the greatest common factor of 684 and s.
36
Suppose -2*a = 4*p - 28, p - 18 = 4*a - 65. Suppose -2*s + 122 = a. Calculate the highest common factor of s and 10.
5
Let n = -19 - -22. Suppose -5*b + n*b + 4 = 0. Suppose b = 2*o - 5*c - 7, 18 = 2*o + 4*c. Calculate the greatest common divisor of o and 77.
7
Let c(d) = -14*d + 322. Let o be c(3). Calculate the greatest common factor of o and 875.
35
Let v be ((-87)/(-2))/((-117)/(-156)). What is the greatest common divisor of 348 and v?
58
Let k(m) = 16*m**2 + 15*m + 68. Let a be k(-7). What is the highest common factor of a and 27?
9
Let v be -4 + -4 + 3 + -73. Let o = v - -118. Let w = o + -4. What is the greatest common factor of 24 and w?
12
Suppose -u = -1, 5*j - 4*u = 879 + 567. Let h be (-2)/8 - (-697)/4. Calculate the highest common factor of j and h.
58
Let m(d) = 851*d**2 - 5*d + 6. Let g be m(1). Suppose g + 1348 = 8*l. Calculate the highest common divisor of 25 and l.
25
Let r(o) = -37*o**2 + 637*o - 4. Let v be r(17). Suppose 15*g = 17*g - 66. Calculate the highest common divisor of g and v.
33
Suppose -a - 3 = s, -s - 3 = -0*s - a. Let f(z) = 3*z**2 + z. Let h be f(s). Suppose 5*r - 590 = 730. Calculate the greatest common factor of h and r.
24
Let d be 71 + -3 + ((-20)/(-16))/((-10)/(-16)). Calculate the highest common divisor of d and 7105.
35
Suppose -94*g + 221*g - 2286 = 109*g. What is the highest common factor of 2921 and g?
127
Suppose -a + 0*a = -5*s + 67, 5*a - 3*s = -225. Let h = 55 + a. Suppose -12*b = -h*b + 32. What is the highest common factor of 24 and b?
8
Let q be (6760/(-182))/(12/(-378)). Calculate the greatest common factor of q and 1040.
130
Let g(x) = -9*x - 45. Suppose -2*q + 5*k = -3, -q + 4*k = 4*q + 18. Let b be g(q). Calculate the greatest common factor of 30 and b.
3
Let f be 4/14 + 562/(-7). Let t = f + 128. Suppose 5*k = 22 - 2, -3*q + 376 = 4*k. Calculate the greatest common factor of q and t.
24
Suppose -3*u = -8*u + 75. Let s(l) = -3*l**3 - 3*l**2 - 14*l - 22. Let f be s(-2). Let g be (330/99)/(4/f). Calculate the greatest common factor of g and u.
15
Suppose -2*x - 3*b - 9 = 0, x - 33 = 5*b - 5. Let f = 16 - 14. Suppose 7*g - 16 = -f. Calculate the highest common divisor of g and x.
1
Let h(q) = -266*q - 21. Let w be h(-6). Suppose 138*o - 147*o = -w. What is the highest common divisor of 140 and o?
35
Suppose 3*u = -5*c - 677 + 2382, -1023 = -3*c - 5*u. Calculate the highest common factor of c and 31.
31
Suppose 16*r + 8*r - 20508 - 33156 = 0. What is the greatest common factor of 156 and r?
52
Let o(v) = v**3 + v**2 - v + 36. Let y be o(0). Let q be -13 - 518/(-28)*2 - (2 - -6).